 g be q(2). Suppose 2*x - g*x + 168 = 0. Calculate the remainder when x is divided by (2/5)/((-234)/(-11115)).
18
Let o(p) be the first derivative of -p**4/2 - 4*p**3 + 9*p**2/2 + 5*p - 28. Let g be o(-7). Calculate the remainder when 4*1*1050/g is divided by 12.
9
Let q(a) = -a**3 + 10*a**2 + 19*a - 21. Suppose 4*c = -3*v + 22, 4*v - 2*c = 2*c + 48. What is the remainder when q(v) is divided by 57?
55
Let w(f) = -f**3 - 20*f**2 - 42*f - 434. What is the remainder when w(-21) is divided by 47?
43
Suppose 30047 - 1247 = 64*p. Let j = p + -432. What is the remainder when j is divided by 8?
2
Let m = -3751 + 3798. Calculate the remainder when 571 is divided by m.
7
Let r(g) = 70*g**2 - 316*g + 947. Calculate the remainder when r(3) is divided by 109.
84
Suppose 3*v = 58 - 64, 4*v + 658 = 5*i. Calculate the remainder when i is divided by 27.
22
Let v(r) = 54*r + 3499. What is the remainder when v(-40) is divided by 84?
79
Calculate the remainder when (54/4)/(-9)*(-15554)/21 is divided by 36.
31
Let t = -63 + 50. Let u(r) = r**2 + 11*r - 23. Let m be u(t). Suppose -2*v - 86 = -5*o - 5*v, 5*v + 38 = m*o. What is the remainder when o is divided by 6?
4
Let x(i) = -2*i**2 + 2*i + 2. Let z be x(2). Suppose 5*p = 58 + 17. Calculate the remainder when z/(-3) + 830/15 is divided by p.
11
What is the remainder when 5/4*-2*-135*(26 - 16) is divided by 674?
5
What is the remainder when 1/(-5) - (-216312)/60 is divided by 88?
85
Let y be -2 + -1 + 6/5*10. Suppose 2*x + y = -5*f, 0*x + 44 = 3*x - 4*f. Suppose -7*s = 20 - 139. Calculate the remainder when s is divided by x.
1
Suppose -2*i - 50 = -2*q, 2*q - 4*i = 56 - 0. Suppose 17*r - q*r + 280 = 0. Calculate the remainder when r is divided by 19.
18
Suppose -73*y = -74*y + 75. Suppose 16 = q - 3*l + 2*l, -2*q + 4*l + 38 = 0. What is the remainder when y is divided by q?
10
Suppose -6*o + 951 - 131 = 4*o. Calculate the remainder when o is divided by 53.
29
Suppose -2*g - 2*g = -32. Let n = g - 95. Let b = -68 - n. Calculate the remainder when 56 is divided by b.
18
Calculate the remainder when 342 is divided by (-32)/(-4 + -4)*-5*(-26)/8.
17
Suppose -4*h + 4*m + 368 = 0, -2*h + 3*m - 4*m = -172. Let f = h + -76. What is the remainder when 82 is divided by f?
10
Suppose x + x = 24. Suppose 40 = 16*y - x*y. Let t = 28 + -22. What is the remainder when y is divided by t?
4
Suppose 10 = 5*a, 4*c - 32 - 60 = -2*a. Suppose 5*j + 4*r = 52, -5*j + 2*j - 3*r = -33. Calculate the remainder when c is divided by 7/(-56) + 65/j.
6
Calculate the remainder when 81345/20 + 7 - (-4)/(-16) is divided by 163.
162
Suppose 61 + 20 = 9*t. What is the remainder when (5 + 1)/(t/1938) is divided by 37?
34
Let k(n) = -161*n + 5638. What is the remainder when 1626 is divided by k(25)?
13
Let f = 6245 - 6254. Let x(s) = s - 7*s - 33 - 2*s. What is the remainder when x(f) is divided by 17?
5
Let z be (-4 - -7)/((-6)/(-16)). Let l(q) = q**3 + 6*q**2 - 3*q - 6. Calculate the remainder when l(-5) is divided by (-2*(-4)/z)/((-1)/(-14)).
6
Let z = -55 - -97. Let w = -48 + z. Calculate the remainder when 214 is divided by ((-4)/w)/1 + (-960)/(-18).
52
Let k = -124 + 144. Suppose 0 = 3*f - q - k, f - 2*q - q = 20. Suppose 25 = -f*a, t - 15 = -4*t - 5*a. Calculate the remainder when 78 is divided by t.
6
Let j(x) = x**2 + 36*x + 148. What is the remainder when 708 is divided by j(-32)?
8
Suppose 4*y - 111 = 5*k, -81 - 16 = -3*y + k. Suppose -o = -5*r + 628, 134 = -0*r + r - 3*o. What is the remainder when r is divided by y?
23
What is the remainder when 356 is divided by (-6 - -3)*1*(-6)/9 + 44?
34
Suppose 0 = -5*z - 3*i + 23105, 191*z + 9256 = 193*z + 4*i. What is the remainder when z is divided by 84?
82
Suppose -1306 = -35*h + 1774. Calculate the remainder when h is divided by 19.
12
Let q = -76 + 21. Let s = 52 + q. Calculate the remainder when 27 is divided by 8 - (7 + -1)/s.
7
Let t = 194 + -191. Calculate the remainder when (-5 + 27)*(2 - t/3) is divided by 9.
4
Let i = 382 - 371. Suppose -n + i = -6*a + a, -3*a = 3*n - 69. Calculate the remainder when 480 is divided by n.
18
Suppose -69 = -4*c + 7*c. Suppose -8 = -4*z, 31*z - 34*z = 2*l - 64. Let f = c + l. Calculate the remainder when 28 is divided by f.
4
Suppose 2 = x - 1. Suppose 4*r = x*s - 79, -5*s - 3*r + 97 = -r. Let u = 145 - 139. Calculate the remainder when s is divided by u.
3
Let m = 129 - 126. Suppose -m*c = -4*c + 327. Calculate the remainder when c is divided by 30.
27
Let f be ((-20)/(-25))/(12/(-30)). Calculate the remainder when 21 is divided by 112/(-70)*5/f.
1
Suppose 3*n + n - 1192 = 0. What is the remainder when 233 is divided by 2/10*(-3 - -1*n)?
56
Let w = -22 + 38. Suppose -195 = w*r - 13*r. Calculate the remainder when (-1)/(-5) - 8697/r is divided by 45.
44
Let s(j) = 4*j + 39. Let f be -9 - (-1 - 5 - -1). What is the remainder when s(f) is divided by 13?
10
Suppose -84*v + v + 29627 + 4154 = 0. What is the remainder when 2855 is divided by v?
6
Let x = -55 + 97. Suppose 192*u + 199 = 2887. What is the remainder when x is divided by u?
0
Let r = 10220 - 9198. What is the remainder when r is divided by 23?
10
Let r(k) = -k**2 + 1160*k - 10335. Suppose -2*v = -8, 3*j - 262 - 154 = -2*v. What is the remainder when j is divided by r(9)?
16
Let h(g) = 2*g - 42. Let u be h(0). Let q = -28 - u. Suppose -7 = -o - r, 3*o - 5*r = q + 15. Calculate the remainder when 47 is divided by o.
7
Let a = 172 - 180. What is the remainder when ((-78)/a)/(18/528) is divided by 72?
70
Let h(f) = -11*f + 4. Suppose -j + 13 + 10 = -5*s, -2*j - s - 9 = 0. Let d be h(j). Suppose 2*a = 18 + d. Calculate the remainder when 109 is divided by a.
21
Suppose -4*y = j + 210, -5*j - 1707 + 657 = -5*y. Let z = -197 - j. What is the remainder when 64 is divided by z?
12
Let q(y) = 44*y**2 + 12*y + 24. Let x(n) = -4*n**3 + 6*n - 6. Let s be x(1). What is the remainder when q(s) is divided by 11?
9
Suppose -c + 2*q + 419 = -2*q, -5*c = 3*q - 2187. Suppose -3*p + c = -3*k, 2*p = -3*k + 208 + 87. Calculate the remainder when p is divided by 30.
26
Suppose 10*v = 7*v, i + 5*v - 242 = 0. Let g = i - 51. What is the remainder when g is divided by 13?
9
Let h = -46 + 51. Suppose 45 = -2*v + h*v. Suppose -7 = -z + q, -2*z + 1 + v = -3*q. What is the remainder when z is divided by 4?
1
Let z = -8690 - -8875. Suppose -2*b - 2*b = -2*k + 138, 3*b = -3. Calculate the remainder when z is divided by k.
51
Suppose v + 16 = 3*v. Calculate the remainder when 1*-138*(28 + 2550/(-90))*1 is divided by (v/3)/((-4)/(-24)).
14
Suppose -5*k + 5*a = -3710, k + 5*a - 378 = 346. Calculate the remainder when k is divided by 9.
1
Let t = 186 + 73. Calculate the remainder when t is divided by 31/(-62) + 218/4.
43
Let x(k) = -k**3 - 8*k**2 + 19*k - 1. Let s be 50/(-15)*-1 + 2/(-6). Suppose f - r + 0 = -9, -s*f + 4*r = 26. What is the remainder when 23 is divided by x(f)?
5
Suppose -11*m - 152 = -229 - 440. What is the remainder when 4274 is divided by m?
44
Suppose 15 = -2*c + 3*j - 3, 4*c = -3*j - 54. Let v = 10 + 79. Calculate the remainder when v is divided by c/(-18) + (-133)/(-3).
44
What is the remainder when 84 + -89 - -833*(-2 - -3) is divided by 24?
12
Suppose 3*q - 2*p - 12 = -0*p, 0 = -p - 3. Let s be 6/q + -3 + 1 + -7. Calculate the remainder when 22 is divided by -3*(-2)/s*-13.
9
Suppose 4*r = 3*r + 19. Let u = r - 13. Suppose -2*a = 4*o - 90 + 56, -5*o = 3*a - 56. Calculate the remainder when a is divided by u.
3
Let y be -1 + 24262/35 + (-4)/(-5). Let d = y - 469. What is the remainder when d is divided by 73?
5
Let t(h) = h**2 + h - 1. Let k = -24 - -31. Calculate the remainder when t(2) is divided by 1/k - 80/(-28).
2
Let b(x) = 3 - 4*x**2 + 21*x**2 + 4*x - 10*x**2 + x**3. Calculate the remainder when 239 is divided by b(-6).
14
Let d(i) = -2*i**2 - 15*i + 10. Let l be d(-8). Let n be ((-2)/l*1)/((-3)/6). Let p = 25 - n. Calculate the remainder when p is divided by 8.
7
Suppose -3*s + 7*s - k = 326, s - 80 = k. Calculate the remainder when s is divided by 11.
5
What is the remainder when 4829 is divided by (0 + (-4)/(-10))/((-33)/(-2475))?
29
Suppose -3*q - q = -60. Let u = 40 - 11. What is the remainder when u is divided by q?
14
What is the remainder when 135 is divided by (-1764)/168*28/(-6)?
37
Let z = 